 divisor of 152 and 9158.
38
What is the greatest common factor of 51 and 1462?
17
Calculate the greatest common divisor of 225 and 9.
9
Calculate the highest common factor of 580 and 4.
4
What is the highest common factor of 9 and 684?
9
What is the greatest common divisor of 182 and 3878?
14
What is the highest common divisor of 75 and 25?
25
What is the highest common divisor of 212 and 901?
53
What is the greatest common divisor of 22204 and 52?
52
Calculate the highest common divisor of 142 and 5893.
71
What is the highest common divisor of 2 and 50?
2
What is the highest common factor of 1311 and 345?
69
What is the highest common divisor of 53 and 106?
53
What is the greatest common divisor of 85 and 10?
5
What is the greatest common divisor of 323 and 17?
17
What is the highest common divisor of 27352 and 104?
104
Calculate the greatest common divisor of 4884 and 296.
148
What is the greatest common factor of 1691 and 356?
89
Calculate the highest common factor of 99 and 264.
33
What is the greatest common divisor of 68 and 26044?
68
Calculate the greatest common factor of 336 and 63.
21
What is the greatest common factor of 260 and 13?
13
Calculate the greatest common factor of 576 and 2368.
64
What is the highest common factor of 24 and 2286?
6
Calculate the greatest common divisor of 3388 and 28.
28
Calculate the greatest common divisor of 11451 and 33.
33
Calculate the highest common factor of 24 and 600.
24
What is the greatest common divisor of 114 and 190?
38
What is the greatest common factor of 195 and 546?
39
Calculate the greatest common factor of 28 and 112.
28
Calculate the greatest common divisor of 18 and 1338.
6
Calculate the highest common divisor of 90 and 30.
30
Calculate the greatest common factor of 37 and 9213.
37
Calculate the greatest common factor of 49 and 49.
49
What is the greatest common factor of 600 and 24?
24
Calculate the highest common factor of 1548 and 45.
9
What is the highest common factor of 155 and 42005?
155
What is the highest common factor of 26847 and 171?
171
What is the greatest common divisor of 120 and 915?
15
What is the greatest common factor of 10 and 398?
2
Calculate the highest common divisor of 55 and 407.
11
Calculate the greatest common divisor of 14 and 602.
14
What is the greatest common divisor of 126 and 294?
42
What is the highest common divisor of 92 and 8?
4
Calculate the greatest common divisor of 207 and 24150.
69
Calculate the greatest common divisor of 170 and 306.
34
Calculate the greatest common factor of 27 and 72.
9
Calculate the greatest common factor of 238 and 42.
14
Calculate the highest common divisor of 102 and 7990.
34
What is the highest common factor of 100 and 92?
4
Calculate the highest common factor of 198 and 242.
22
What is the highest common factor of 2972 and 4?
4
What is the greatest common factor of 1273 and 1474?
67
Calculate the highest common divisor of 198 and 627.
33
Calculate the greatest common divisor of 13152 and 96.
96
What is the highest common divisor of 2782 and 26?
26
Calculate the highest common factor of 858 and 156.
78
Calculate the greatest common divisor of 1845 and 5.
5
Calculate the highest common factor of 663 and 195.
39
What is the highest common factor of 63 and 567?
63
What is the greatest common factor of 175 and 125?
25
What is the greatest common factor of 477 and 45?
9
Calculate the greatest common factor of 1972 and 136.
68
What is the greatest common factor of 190 and 10?
10
Calculate the greatest common divisor of 3029 and 26.
13
What is the highest common factor of 18858 and 126?
42
What is the greatest common factor of 1078 and 44?
22
Calculate the greatest common factor of 100 and 1550.
50
What is the greatest common factor of 315 and 10815?
105
Calculate the greatest common factor of 779 and 369.
41
What is the highest common factor of 1500 and 1470?
30
What is the highest common divisor of 1350 and 54?
54
Calculate the greatest common divisor of 24 and 5436.
12
Calculate the greatest common factor of 374 and 253.
11
Calculate the greatest common factor of 74 and 2257.
37
What is the greatest common divisor of 1552 and 194?
194
What is the highest common factor of 1157 and 26?
13
What is the highest common factor of 128 and 48?
16
What is the highest common factor of 294 and 98?
98
What is the highest common divisor of 364 and 28?
28
What is the highest common divisor of 15 and 215?
5
What is the greatest common factor of 18759 and 111?
111
What is the highest common factor of 210 and 390?
30
What is the highest common divisor of 27 and 63?
9
Calculate the greatest common divisor of 954 and 54.
18
What is the greatest common factor of 160 and 55?
5
What is the highest common factor of 170 and 80?
10
What is the highest common divisor of 253 and 69?
23
What is the greatest common factor of 160 and 10?
10
What is the highest common divisor of 1176 and 8722?
98
Calculate the greatest common factor of 4 and 3544.
4
Calculate the greatest common divisor of 2486 and 33.
11
Calculate the highest common factor of 44 and 5.
1
Calculate the highest common divisor of 196 and 448.
28
Calculate the greatest common factor of 108 and 30726.
54
What is the highest common factor of 1719 and 9?
9
Calculate the greatest common factor of 210 and 615.
15
What is the greatest common divisor of 2142 and 782?
34
What is the highest common divisor of 25 and 325?
25
Calculate the greatest common divisor of 640 and 104.
8
What is the highest common divisor of 1793 and 22?
11
Calculate the greatest common factor of 105 and 165.
15
Calculate the greatest common factor of 90 and 27540.
90
Calculate the highest common factor of 1248 and 192.
96
What is the highest common divisor of 19120 and 16?
16
What is the greatest common divisor of 21 and 903?
21
Calculate the highest common divisor of 1700 and 5032.
68
What is the highest common divisor of 204 and 30?
6
What is the greatest common factor of 54 and 3429?
27
What is the greatest common divisor of 135 and 360?
45
Calculate the greatest common divisor of 38 and 6.
2
What is the greatest common factor of 44 and 1419?
11
Calculate the highest common factor of 376 and 8.
8
Calculate the highest common divisor of 1267 and 77.
7
What is the greatest common divisor of 1043 and 14?
7
Calculate the greatest common divisor of 82 and 82.
82
What is the greatest common factor of 186 and 12710?
62
Calculate the greatest common divisor of 576 and 6.
6
What is the highest common factor of 867 and 34?
17
What is the highest common factor of 21 and 3647?
7
Calculate the highest common divisor of 270 and 90.
90
Calculate the highest common divisor of 21 and 525.
21
What is the highest common factor of 6 and 735?
3
Calculate the greatest common divisor of 273 and 525.
21
Calculate the greatest common divisor of 88 and 44.
44
What is the highest common factor of 6739 and 161?
23
What is the highest common factor of 55 and 4015?
55
What is the highest common factor of 1457 and 94?
47
Calculate the greatest common divisor of 15946 and 14.
14
What is the greatest common factor of 924 and 528?
132
What is the highest common factor of 78 and 104?
26
What is the greatest common divisor of 18 and 132?
6
Calculate the highest common divisor of 374 and 220.
22
What is the highest common factor of 657 and 48?
3
What is the highest common divisor of 9 and 6?
3
Calculate the greatest common divisor of 29 and 87.
29
What is the highest common divisor of 104 and 1352?
104
What is the greatest common divisor of 3 and 23847?
3
What is the highest common divisor of 3 and 19119?
3
Calculate the highest common divisor of 210 and 240.
30
What is the greatest common divisor of 572 and 52?
52
Calculate the greatest common factor of 26 and 81120.
26
What is the highest common factor of 62 and 589?
31
What is the highest common factor of 50 and 22?
2
Calculate the highest common divisor of 92 and 322.
46
What is the highest common divisor of 560 and 120?
40
What is the highest common factor of 7743 and 89?
89
What is the greatest common divisor of 581 and 332?
83
Calculate the highest common factor of 95 and 76.
19
What is the greatest common divisor of 56756 and 28?
28
Calculate the greatest common factor of 7709 and 78.
13
Wh